{"id":16,"date":"2019-11-15T14:42:45","date_gmt":"2019-11-15T14:42:45","guid":{"rendered":"http:\/\/makon.idu.edu.tr\/?page_id=16"},"modified":"2020-01-03T16:04:29","modified_gmt":"2020-01-03T13:04:29","slug":"bilim-hakem-kurulu","status":"publish","type":"page","link":"https:\/\/makon.idu.edu.tr\/index.php\/bilim-hakem-kurulu\/","title":{"rendered":"Bilim\/Hakem Kurulu"},"content":{"rendered":"\n<ul class=\"wp-block-list\"><li>Prof. Dr. Bedriye TUN\u00c7S\u0130PER (\u0130D\u00dc Rekt\u00f6r\u00fc)<\/li><li>Prof. Dr. K\u00e2mil T\u00dc\u011eEN (DE\u00dc \u0130\u0130BF Maliye B\u00f6l\u00fcm\u00fc)<\/li><li>Prof. Dr. Zeynep ARIKAN (DE\u00dc \u0130\u0130BF Maliye B\u00f6l\u00fcm\u00fc)<\/li><li>Prof. Dr. Kemal \u00c7ELEB\u0130 (CB\u00dc \u0130\u0130BF Maliye B\u00f6l\u00fcm\u00fc)<\/li><li>Prof. Dr. A. Bur\u00e7in YEREL\u0130 (H\u00dc \u0130\u0130BF Maliye B\u00f6l\u00fcm\u00fc)<\/li><li>Prof. Dr. Asuman ALTAY (DE\u00dc \u0130\u0130BF Maliye B\u00f6l\u00fcm\u00fc)<\/li><li>Prof. Dr. \u00d6zhan \u00c7ET\u0130NKAYA (U\u00dc \u0130\u0130BF Maliye B\u00f6l\u00fcm\u00fc)<\/li><li>Prof. Dr. Ramazan G\u00d6KBUNAR (CB\u00dc Maliye B\u00f6l\u00fcm\u00fc)<\/li><li>Prof. Dr. \u015eebnem TOSUNO\u011eLU (Anadolu \u00dc. \u0130\u0130BF Maliye B\u00f6l\u00fcm\u00fc)<\/li><li>Prof. Dr. Mustafa Erkan \u00dcY\u00dcMEZ (Anadolu \u00dc. \u0130\u0130BF Maliye B\u00f6l\u00fcm\u00fc)<\/li><li>Prof. Dr. Adnan GER\u00c7EK (U\u00dc \u0130\u0130BF Maliye B\u00f6l\u00fcm\u00fc)<\/li><li>Prof. Dr. Bernur A\u00c7IKG\u00d6Z (K\u00c7\u00dc \u0130\u0130BF Maliye B\u00f6l\u00fcm\u00fc)<\/li><li>Prof. Dr. Engin HEPAKSAZ (K\u00c7\u00dc \u0130\u0130BF Maliye B\u00f6l\u00fcm\u00fc)<\/li><li>Prof. Dr. \u0130brahim Attila ACAR (K\u00c7\u00dc \u0130\u0130BF \u0130ktisat B\u00f6l\u00fcm\u00fc)<\/li><li>Prof. Dr. Birol KOVANCILAR (CB\u00dc \u0130\u0130BF Maliye B\u00f6l\u00fcm\u00fc)<\/li><li>Prof.Dr. Duran B\u00dcLB\u00dcL (Ankara Hac\u0131bayram Veli \u00dcni. \u0130\u0130BF Maliye B\u00f6l\u00fcm\u00fc)<\/li><li>Prof. Dr. \u0130hsan Cemil DEM\u0130R (Afyon Kocetepe \u00dcni. Maliye B\u00f6l\u00fcm\u00fc)<\/li><li>Do\u00e7. Dr. Musa G\u00d6K (\u0130D\u00dc \u0130\u0130BF Maliye B\u00f6l\u00fcm\u00fc)<\/li><li>Do\u00e7. Dr. Ufuk GENCEL (\u0130D\u00dc \u0130\u0130BF Maliye B\u00f6l\u00fcm\u00fc)<\/li><li>Do\u00e7. Dr. Ferhat AKBEY (ER\u00dc \u0130\u0130BF Maliye B\u00f6l\u00fcm\u00fc)<\/li><li>Do\u00e7. Dr. Cumhur D\u00dcLGER (Anadolu \u00dc. \u0130\u0130BF Maliye B\u00f6l\u00fcm\u00fc)<\/li><li>Do\u00e7. Dr. \u00d6zay \u00d6ZPEN\u00c7E (PAU \u0130\u0130BF Maliye B\u00f6l\u00fcm\u00fc)<\/li><li>Do\u00e7. Dr. Hakan HOTUNLUO\u011eLU (AD\u00dc Maliye B\u00f6l\u00fcm\u00fc)<\/li><li>Do\u00e7. Dr. Hakan ARSLANER (ADU \u0130F Maliye B\u00f6l\u00fcm\u00fc)<\/li><li>Dr. \u00d6\u011fr. \u00dcyesi R. Kutlu KORLU (\u0130D\u00dc \u0130\u0130BF Maliye B\u00f6l\u00fcm\u00fc)<\/li><li>Dr. \u00d6\u011fr. \u00dcyesi \u015eaban ERTEK\u0130N (ADU \u0130F Maliye B\u00f6l\u00fcm\u00fc)<\/li><li>Do\u00e7. Dr. Murat AYDIN (\u00c7OM\u00dc \u0130\u0130BF Maliye B\u00f6l\u00fcm\u00fc)<\/li><li>Do\u00e7. Dr. Arman Zafer YAL\u00c7IN (BA\u00dcN \u0130\u0130BF Maliye B\u00f6l\u00fcm\u00fc)<\/li><li>Do\u00e7. Dr. \u00d6zg\u00fcr B\u0130YAN (BAN\u00dc \u0130\u0130BF Maliye B\u00f6l\u00fcm\u00fc)<\/li><li>Dr. \u00d6\u011fretim \u00dcyesi Sabri Sami TAN (\u00c7OM\u00dc \u0130\u0130BF Maliye B\u00f6l\u00fcm\u00fc)<\/li><\/ul>\n","protected":false},"excerpt":{"rendered":"<p>Prof. Dr. Bedriye TUN\u00c7S\u0130PER (\u0130D\u00dc Rekt\u00f6r\u00fc) Prof. Dr. K\u00e2mil T\u00dc\u011eEN (DE\u00dc \u0130\u0130BF Maliye B\u00f6l\u00fcm\u00fc) Prof. Dr. Zeynep ARIKAN (DE\u00dc \u0130\u0130BF Maliye B\u00f6l\u00fcm\u00fc) Prof. Dr. Kemal \u00c7ELEB\u0130 (CB\u00dc \u0130\u0130BF Maliye B\u00f6l\u00fcm\u00fc) Prof. Dr. A. Bur\u00e7in YEREL\u0130 (H\u00dc \u0130\u0130BF Maliye B\u00f6l\u00fcm\u00fc) Prof. Dr. Asuman ALTAY (DE\u00dc \u0130\u0130BF Maliye B\u00f6l\u00fcm\u00fc) Prof. Dr. \u00d6zhan \u00c7ET\u0130NKAYA (U\u00dc \u0130\u0130BF Maliye B\u00f6l\u00fcm\u00fc) Prof. Dr. Ramazan G\u00d6KBUNAR (CB\u00dc Maliye B\u00f6l\u00fcm\u00fc) Prof. Dr. \u015eebnem TOSUNO\u011eLU (Anadolu \u00dc. \u0130\u0130BF Maliye B\u00f6l\u00fcm\u00fc) Prof. Dr. Mustafa Erkan \u00dcY\u00dcMEZ (Anadolu \u00dc. \u0130\u0130BF Maliye B\u00f6l\u00fcm\u00fc) Prof. Dr. Adnan GER\u00c7EK (U\u00dc \u0130\u0130BF Maliye B\u00f6l\u00fcm\u00fc) Prof. Dr. Bernur A\u00c7IKG\u00d6Z (K\u00c7\u00dc \u0130\u0130BF Maliye B\u00f6l\u00fcm\u00fc) Prof. Dr. Engin HEPAKSAZ (K\u00c7\u00dc \u0130\u0130BF Maliye B\u00f6l\u00fcm\u00fc) Prof. Dr. \u0130brahim Attila ACAR (K\u00c7\u00dc \u0130\u0130BF \u0130ktisat B\u00f6l\u00fcm\u00fc) Prof. Dr. Birol KOVANCILAR (CB\u00dc \u0130\u0130BF Maliye B\u00f6l\u00fcm\u00fc) Prof.Dr. Duran B\u00dcLB\u00dcL (Ankara Hac\u0131bayram Veli \u00dcni. \u0130\u0130BF Maliye B\u00f6l\u00fcm\u00fc) Prof. Dr. \u0130hsan Cemil DEM\u0130R (Afyon Kocetepe \u00dcni. Maliye B\u00f6l\u00fcm\u00fc) Do\u00e7. Dr. Musa G\u00d6K (\u0130D\u00dc \u0130\u0130BF Maliye B\u00f6l\u00fcm\u00fc) Do\u00e7. Dr. Ufuk GENCEL (\u0130D\u00dc \u0130\u0130BF Maliye B\u00f6l\u00fcm\u00fc) Do\u00e7. Dr. Ferhat AKBEY (ER\u00dc \u0130\u0130BF Maliye B\u00f6l\u00fcm\u00fc) Do\u00e7. Dr. Cumhur D\u00dcLGER (Anadolu \u00dc. \u0130\u0130BF Maliye B\u00f6l\u00fcm\u00fc) Do\u00e7. Dr. \u00d6zay \u00d6ZPEN\u00c7E (PAU \u0130\u0130BF Maliye B\u00f6l\u00fcm\u00fc) Do\u00e7. Dr. Hakan HOTUNLUO\u011eLU (AD\u00dc Maliye B\u00f6l\u00fcm\u00fc) Do\u00e7. Dr. Hakan ARSLANER (ADU \u0130F Maliye B\u00f6l\u00fcm\u00fc) Dr. \u00d6\u011fr. \u00dcyesi R. Kutlu KORLU (\u0130D\u00dc \u0130\u0130BF Maliye B\u00f6l\u00fcm\u00fc) Dr. \u00d6\u011fr. \u00dcyesi \u015eaban ERTEK\u0130N (ADU \u0130F Maliye B\u00f6l\u00fcm\u00fc) Do\u00e7. Dr. Murat AYDIN (\u00c7OM\u00dc \u0130\u0130BF Maliye B\u00f6l\u00fcm\u00fc) Do\u00e7. Dr. Arman Zafer YAL\u00c7IN (BA\u00dcN \u0130\u0130BF Maliye B\u00f6l\u00fcm\u00fc) Do\u00e7. Dr. \u00d6zg\u00fcr B\u0130YAN (BAN\u00dc \u0130\u0130BF Maliye B\u00f6l\u00fcm\u00fc) Dr. \u00d6\u011fretim \u00dcyesi Sabri Sami TAN (\u00c7OM\u00dc \u0130\u0130BF Maliye B\u00f6l\u00fcm\u00fc)<\/p>\n","protected":false},"author":1,"featured_media":0,"parent":0,"menu_order":0,"comment_status":"closed","ping_status":"closed","template":"","meta":{"footnotes":""},"class_list":["post-16","page","type-page","status-publish","hentry"],"_links":{"self":[{"href":"https:\/\/makon.idu.edu.tr\/index.php\/wp-json\/wp\/v2\/pages\/16","targetHints":{"allow":["GET"]}}],"collection":[{"href":"https:\/\/makon.idu.edu.tr\/index.php\/wp-json\/wp\/v2\/pages"}],"about":[{"href":"https:\/\/makon.idu.edu.tr\/index.php\/wp-json\/wp\/v2\/types\/page"}],"author":[{"embeddable":true,"href":"https:\/\/makon.idu.edu.tr\/index.php\/wp-json\/wp\/v2\/users\/1"}],"replies":[{"embeddable":true,"href":"https:\/\/makon.idu.edu.tr\/index.php\/wp-json\/wp\/v2\/comments?post=16"}],"version-history":[{"count":12,"href":"https:\/\/makon.idu.edu.tr\/index.php\/wp-json\/wp\/v2\/pages\/16\/revisions"}],"predecessor-version":[{"id":256,"href":"https:\/\/makon.idu.edu.tr\/index.php\/wp-json\/wp\/v2\/pages\/16\/revisions\/256"}],"wp:attachment":[{"href":"https:\/\/makon.idu.edu.tr\/index.php\/wp-json\/wp\/v2\/media?parent=16"}],"curies":[{"name":"wp","href":"https:\/\/api.w.org\/{rel}","templated":true}]}}